{"id":7144,"date":"2022-01-19T06:41:51","date_gmt":"2022-01-19T05:41:51","guid":{"rendered":"https:\/\/clubs.misterugby.com\/csmg\/produit\/ballon-rugby-gilbert-taille-3-noir-modele-gtr-4000\/"},"modified":"2025-11-04T18:03:33","modified_gmt":"2025-11-04T17:03:33","slug":"ballon-rugby-gilbert-taille-3-noir-modele-gtr-4000","status":"publish","type":"product","link":"https:\/\/clubs.misterugby.com\/csmg\/produit\/ballon-rugby-gilbert-taille-3-noir-modele-gtr-4000\/","title":{"rendered":"Ballon rugby Gilbert taille 3 Noir \u2013 mod\u00e8le GTR-4000"},"content":{"rendered":"","protected":false},"excerpt":{"rendered":"<ul>\n<li>Ballon d\u2019entra\u00eenement<\/li>\n<li>Nouvelle Technologie TRI grip<\/li>\n<li>Hydratec<\/li>\n<li>Rev\u00eatement caoutchouc longue dur\u00e9e, 2 couches<\/li>\n<li>Cousu main<\/li>\n<li>taille 3 ( 6 \u2013 9 ans)<\/li>\n<li>coloris blanc, noir et gris<\/li>\n<\/ul>\n","protected":false},"featured_media":4701,"template":"","meta":[],"product_brand":[],"product_cat":[42],"product_tag":[],"class_list":{"0":"post-7144","1":"product","2":"type-product","3":"status-publish","4":"has-post-thumbnail","6":"product_cat-accessoires","8":"first","9":"instock","10":"taxable","11":"shipping-taxable","12":"purchasable","13":"product-type-simple"},"yoast_head":"<!-- This site is optimized with the Yoast SEO plugin v26.9 - https:\/\/yoast.com\/product\/yoast-seo-wordpress\/ -->\n<title>Ballon rugby Gilbert taille 3 Noir \u2013 mod\u00e8le GTR-4000 - csmg<\/title>\n<meta name=\"robots\" content=\"noindex, follow, max-snippet:-1, max-image-preview:large, max-video-preview:-1\" \/>\n<meta property=\"og:locale\" content=\"fr_FR\" \/>\n<meta property=\"og:type\" content=\"article\" \/>\n<meta property=\"og:title\" content=\"Ballon rugby Gilbert taille 3 Noir \u2013 mod\u00e8le GTR-4000 - csmg\" \/>\n<meta property=\"og:description\" content=\"Ballon d\u2019entra\u00eenement  Nouvelle Technologie TRI grip  Hydratec  Rev\u00eatement caoutchouc longue dur\u00e9e, 2 couches  Cousu main  taille 3 ( 6 \u2013 9 ans)  coloris blanc, noir et gris\" \/>\n<meta property=\"og:url\" content=\"https:\/\/clubs.misterugby.com\/csmg\/produit\/ballon-rugby-gilbert-taille-3-noir-modele-gtr-4000\/\" \/>\n<meta property=\"og:site_name\" content=\"csmg\" \/>\n<meta property=\"article:modified_time\" content=\"2025-11-04T17:03:33+00:00\" \/>\n<meta property=\"og:image\" content=\"https:\/\/clubs.misterugby.com\/csmg\/wp-content\/uploads\/sites\/7\/2021\/01\/GTR.jpg\" \/>\n\t<meta property=\"og:image:width\" content=\"878\" \/>\n\t<meta property=\"og:image:height\" content=\"878\" \/>\n\t<meta property=\"og:image:type\" content=\"image\/jpeg\" \/>\n<meta name=\"twitter:card\" content=\"summary_large_image\" \/>\n<script type=\"application\/ld+json\" class=\"yoast-schema-graph\">{\"@context\":\"https:\/\/schema.org\",\"@graph\":[{\"@type\":\"WebPage\",\"@id\":\"https:\/\/clubs.misterugby.com\/csmg\/produit\/ballon-rugby-gilbert-taille-3-noir-modele-gtr-4000\/\",\"url\":\"https:\/\/clubs.misterugby.com\/csmg\/produit\/ballon-rugby-gilbert-taille-3-noir-modele-gtr-4000\/\",\"name\":\"Ballon rugby Gilbert taille 3 Noir \u2013 mod\u00e8le GTR-4000 - csmg\",\"isPartOf\":{\"@id\":\"https:\/\/clubs.misterugby.com\/csmg\/#website\"},\"primaryImageOfPage\":{\"@id\":\"https:\/\/clubs.misterugby.com\/csmg\/produit\/ballon-rugby-gilbert-taille-3-noir-modele-gtr-4000\/#primaryimage\"},\"image\":{\"@id\":\"https:\/\/clubs.misterugby.com\/csmg\/produit\/ballon-rugby-gilbert-taille-3-noir-modele-gtr-4000\/#primaryimage\"},\"thumbnailUrl\":\"https:\/\/clubs.misterugby.com\/csmg\/wp-content\/uploads\/sites\/7\/2021\/01\/GTR.jpg\",\"datePublished\":\"2022-01-19T05:41:51+00:00\",\"dateModified\":\"2025-11-04T17:03:33+00:00\",\"breadcrumb\":{\"@id\":\"https:\/\/clubs.misterugby.com\/csmg\/produit\/ballon-rugby-gilbert-taille-3-noir-modele-gtr-4000\/#breadcrumb\"},\"inLanguage\":\"fr-FR\",\"potentialAction\":[{\"@type\":\"ReadAction\",\"target\":[\"https:\/\/clubs.misterugby.com\/csmg\/produit\/ballon-rugby-gilbert-taille-3-noir-modele-gtr-4000\/\"]}]},{\"@type\":\"ImageObject\",\"inLanguage\":\"fr-FR\",\"@id\":\"https:\/\/clubs.misterugby.com\/csmg\/produit\/ballon-rugby-gilbert-taille-3-noir-modele-gtr-4000\/#primaryimage\",\"url\":\"https:\/\/clubs.misterugby.com\/csmg\/wp-content\/uploads\/sites\/7\/2021\/01\/GTR.jpg\",\"contentUrl\":\"https:\/\/clubs.misterugby.com\/csmg\/wp-content\/uploads\/sites\/7\/2021\/01\/GTR.jpg\",\"width\":878,\"height\":878},{\"@type\":\"BreadcrumbList\",\"@id\":\"https:\/\/clubs.misterugby.com\/csmg\/produit\/ballon-rugby-gilbert-taille-3-noir-modele-gtr-4000\/#breadcrumb\",\"itemListElement\":[{\"@type\":\"ListItem\",\"position\":1,\"name\":\"Accueil\",\"item\":\"https:\/\/clubs.misterugby.com\/csmg\/\"},{\"@type\":\"ListItem\",\"position\":2,\"name\":\"Boutique\",\"item\":\"https:\/\/clubs.misterugby.com\/csmg\/\"},{\"@type\":\"ListItem\",\"position\":3,\"name\":\"Ballon rugby Gilbert taille 3 Noir \u2013 mod\u00e8le GTR-4000\"}]},{\"@type\":\"WebSite\",\"@id\":\"https:\/\/clubs.misterugby.com\/csmg\/#website\",\"url\":\"https:\/\/clubs.misterugby.com\/csmg\/\",\"name\":\"csmg\",\"description\":\"\",\"publisher\":{\"@id\":\"https:\/\/clubs.misterugby.com\/csmg\/#organization\"},\"potentialAction\":[{\"@type\":\"SearchAction\",\"target\":{\"@type\":\"EntryPoint\",\"urlTemplate\":\"https:\/\/clubs.misterugby.com\/csmg\/?s={search_term_string}\"},\"query-input\":{\"@type\":\"PropertyValueSpecification\",\"valueRequired\":true,\"valueName\":\"search_term_string\"}}],\"inLanguage\":\"fr-FR\"},{\"@type\":\"Organization\",\"@id\":\"https:\/\/clubs.misterugby.com\/csmg\/#organization\",\"name\":\"csmg\",\"url\":\"https:\/\/clubs.misterugby.com\/csmg\/\",\"logo\":{\"@type\":\"ImageObject\",\"inLanguage\":\"fr-FR\",\"@id\":\"https:\/\/clubs.misterugby.com\/csmg\/#\/schema\/logo\/image\/\",\"url\":\"https:\/\/clubs.misterugby.com\/csmg\/wp-content\/uploads\/sites\/7\/2019\/04\/cropped-logo-GEGEN-2019-date-scaled.png\",\"contentUrl\":\"https:\/\/clubs.misterugby.com\/csmg\/wp-content\/uploads\/sites\/7\/2019\/04\/cropped-logo-GEGEN-2019-date-scaled.png\",\"width\":2218,\"height\":2560,\"caption\":\"csmg\"},\"image\":{\"@id\":\"https:\/\/clubs.misterugby.com\/csmg\/#\/schema\/logo\/image\/\"}}]}<\/script>\n<!-- \/ Yoast SEO plugin. -->","yoast_head_json":{"title":"Ballon rugby Gilbert taille 3 Noir \u2013 mod\u00e8le GTR-4000 - csmg","robots":{"index":"noindex","follow":"follow","max-snippet":"max-snippet:-1","max-image-preview":"max-image-preview:large","max-video-preview":"max-video-preview:-1"},"og_locale":"fr_FR","og_type":"article","og_title":"Ballon rugby Gilbert taille 3 Noir \u2013 mod\u00e8le GTR-4000 - csmg","og_description":"Ballon d\u2019entra\u00eenement  Nouvelle Technologie TRI grip  Hydratec  Rev\u00eatement caoutchouc longue dur\u00e9e, 2 couches  Cousu main  taille 3 ( 6 \u2013 9 ans)  coloris blanc, noir et gris","og_url":"https:\/\/clubs.misterugby.com\/csmg\/produit\/ballon-rugby-gilbert-taille-3-noir-modele-gtr-4000\/","og_site_name":"csmg","article_modified_time":"2025-11-04T17:03:33+00:00","og_image":[{"width":878,"height":878,"url":"https:\/\/clubs.misterugby.com\/csmg\/wp-content\/uploads\/sites\/7\/2021\/01\/GTR.jpg","type":"image\/jpeg"}],"twitter_card":"summary_large_image","schema":{"@context":"https:\/\/schema.org","@graph":[{"@type":"WebPage","@id":"https:\/\/clubs.misterugby.com\/csmg\/produit\/ballon-rugby-gilbert-taille-3-noir-modele-gtr-4000\/","url":"https:\/\/clubs.misterugby.com\/csmg\/produit\/ballon-rugby-gilbert-taille-3-noir-modele-gtr-4000\/","name":"Ballon rugby Gilbert taille 3 Noir \u2013 mod\u00e8le GTR-4000 - csmg","isPartOf":{"@id":"https:\/\/clubs.misterugby.com\/csmg\/#website"},"primaryImageOfPage":{"@id":"https:\/\/clubs.misterugby.com\/csmg\/produit\/ballon-rugby-gilbert-taille-3-noir-modele-gtr-4000\/#primaryimage"},"image":{"@id":"https:\/\/clubs.misterugby.com\/csmg\/produit\/ballon-rugby-gilbert-taille-3-noir-modele-gtr-4000\/#primaryimage"},"thumbnailUrl":"https:\/\/clubs.misterugby.com\/csmg\/wp-content\/uploads\/sites\/7\/2021\/01\/GTR.jpg","datePublished":"2022-01-19T05:41:51+00:00","dateModified":"2025-11-04T17:03:33+00:00","breadcrumb":{"@id":"https:\/\/clubs.misterugby.com\/csmg\/produit\/ballon-rugby-gilbert-taille-3-noir-modele-gtr-4000\/#breadcrumb"},"inLanguage":"fr-FR","potentialAction":[{"@type":"ReadAction","target":["https:\/\/clubs.misterugby.com\/csmg\/produit\/ballon-rugby-gilbert-taille-3-noir-modele-gtr-4000\/"]}]},{"@type":"ImageObject","inLanguage":"fr-FR","@id":"https:\/\/clubs.misterugby.com\/csmg\/produit\/ballon-rugby-gilbert-taille-3-noir-modele-gtr-4000\/#primaryimage","url":"https:\/\/clubs.misterugby.com\/csmg\/wp-content\/uploads\/sites\/7\/2021\/01\/GTR.jpg","contentUrl":"https:\/\/clubs.misterugby.com\/csmg\/wp-content\/uploads\/sites\/7\/2021\/01\/GTR.jpg","width":878,"height":878},{"@type":"BreadcrumbList","@id":"https:\/\/clubs.misterugby.com\/csmg\/produit\/ballon-rugby-gilbert-taille-3-noir-modele-gtr-4000\/#breadcrumb","itemListElement":[{"@type":"ListItem","position":1,"name":"Accueil","item":"https:\/\/clubs.misterugby.com\/csmg\/"},{"@type":"ListItem","position":2,"name":"Boutique","item":"https:\/\/clubs.misterugby.com\/csmg\/"},{"@type":"ListItem","position":3,"name":"Ballon rugby Gilbert taille 3 Noir \u2013 mod\u00e8le GTR-4000"}]},{"@type":"WebSite","@id":"https:\/\/clubs.misterugby.com\/csmg\/#website","url":"https:\/\/clubs.misterugby.com\/csmg\/","name":"csmg","description":"","publisher":{"@id":"https:\/\/clubs.misterugby.com\/csmg\/#organization"},"potentialAction":[{"@type":"SearchAction","target":{"@type":"EntryPoint","urlTemplate":"https:\/\/clubs.misterugby.com\/csmg\/?s={search_term_string}"},"query-input":{"@type":"PropertyValueSpecification","valueRequired":true,"valueName":"search_term_string"}}],"inLanguage":"fr-FR"},{"@type":"Organization","@id":"https:\/\/clubs.misterugby.com\/csmg\/#organization","name":"csmg","url":"https:\/\/clubs.misterugby.com\/csmg\/","logo":{"@type":"ImageObject","inLanguage":"fr-FR","@id":"https:\/\/clubs.misterugby.com\/csmg\/#\/schema\/logo\/image\/","url":"https:\/\/clubs.misterugby.com\/csmg\/wp-content\/uploads\/sites\/7\/2019\/04\/cropped-logo-GEGEN-2019-date-scaled.png","contentUrl":"https:\/\/clubs.misterugby.com\/csmg\/wp-content\/uploads\/sites\/7\/2019\/04\/cropped-logo-GEGEN-2019-date-scaled.png","width":2218,"height":2560,"caption":"csmg"},"image":{"@id":"https:\/\/clubs.misterugby.com\/csmg\/#\/schema\/logo\/image\/"}}]}},"_links":{"self":[{"href":"https:\/\/clubs.misterugby.com\/csmg\/wp-json\/wp\/v2\/product\/7144","targetHints":{"allow":["GET"]}}],"collection":[{"href":"https:\/\/clubs.misterugby.com\/csmg\/wp-json\/wp\/v2\/product"}],"about":[{"href":"https:\/\/clubs.misterugby.com\/csmg\/wp-json\/wp\/v2\/types\/product"}],"wp:featuredmedia":[{"embeddable":true,"href":"https:\/\/clubs.misterugby.com\/csmg\/wp-json\/wp\/v2\/media\/4701"}],"wp:attachment":[{"href":"https:\/\/clubs.misterugby.com\/csmg\/wp-json\/wp\/v2\/media?parent=7144"}],"wp:term":[{"taxonomy":"product_brand","embeddable":true,"href":"https:\/\/clubs.misterugby.com\/csmg\/wp-json\/wp\/v2\/product_brand?post=7144"},{"taxonomy":"product_cat","embeddable":true,"href":"https:\/\/clubs.misterugby.com\/csmg\/wp-json\/wp\/v2\/product_cat?post=7144"},{"taxonomy":"product_tag","embeddable":true,"href":"https:\/\/clubs.misterugby.com\/csmg\/wp-json\/wp\/v2\/product_tag?post=7144"}],"curies":[{"name":"wp","href":"https:\/\/api.w.org\/{rel}","templated":true}]}}