{"id":4969,"date":"2022-08-09T21:48:17","date_gmt":"2022-08-09T19:48:17","guid":{"rendered":"https:\/\/clubs.misterugby.com\/rcacp\/produit\/sweat-capuche-homme-noir-jaune-modele-contrast\/"},"modified":"2024-06-28T17:48:39","modified_gmt":"2024-06-28T15:48:39","slug":"sweat-capuche-homme-noir-jaune-modele-contrast","status":"publish","type":"product","link":"https:\/\/clubs.misterugby.com\/rcacp\/produit\/sweat-capuche-homme-noir-jaune-modele-contrast\/","title":{"rendered":"Sweat capuche Homme Noir Jaune &#8211; mod\u00e8le CONTRAST"},"content":{"rendered":"","protected":false},"excerpt":{"rendered":"<ul>\n<li>Molleton gratt\u00e9 280 gr, 80% coton, 20% polyester<\/li>\n<li>Capuche doubl\u00e9e avec cordon de serrage ton sur ton. Poches Kangourou.<\/li>\n<li>logo club en broderie<\/li>\n<\/ul>\n","protected":false},"featured_media":4993,"template":"","meta":[],"product_brand":[],"product_cat":[114,39],"product_tag":[],"class_list":{"0":"post-4969","1":"product","2":"type-product","3":"status-publish","4":"has-post-thumbnail","6":"product_cat-presentation","7":"product_cat-homme","9":"first","10":"instock","11":"taxable","12":"shipping-taxable","13":"purchasable","14":"product-type-variable"},"yoast_head":"<!-- This site is optimized with the Yoast SEO plugin v26.9 - https:\/\/yoast.com\/product\/yoast-seo-wordpress\/ -->\n<title>Sweat capuche Homme Noir Jaune - mod\u00e8le CONTRAST - rcacp<\/title>\n<meta name=\"robots\" content=\"noindex, follow, max-snippet:-1, max-image-preview:large, max-video-preview:-1\" \/>\n<meta property=\"og:locale\" content=\"fr_FR\" \/>\n<meta property=\"og:type\" content=\"article\" \/>\n<meta property=\"og:title\" content=\"Sweat capuche Homme Noir Jaune - mod\u00e8le CONTRAST - rcacp\" \/>\n<meta property=\"og:description\" content=\"Molleton gratt\u00e9 280 gr, 80% coton, 20% polyester  Capuche doubl\u00e9e avec cordon de serrage ton sur ton. Poches Kangourou.  logo club en broderie\" \/>\n<meta property=\"og:url\" content=\"https:\/\/clubs.misterugby.com\/rcacp\/produit\/sweat-capuche-homme-noir-jaune-modele-contrast\/\" \/>\n<meta property=\"og:site_name\" content=\"rcacp\" \/>\n<meta property=\"article:modified_time\" content=\"2024-06-28T15:48:39+00:00\" \/>\n<meta property=\"og:image\" content=\"http:\/\/clubs.misterugby.com\/rcacp\/wp-content\/uploads\/sites\/54\/2022\/08\/bic-cergy.jpg\" \/>\n\t<meta property=\"og:image:width\" content=\"1000\" \/>\n\t<meta property=\"og:image:height\" content=\"1000\" \/>\n\t<meta property=\"og:image:type\" content=\"image\/jpeg\" \/>\n<meta name=\"twitter:card\" content=\"summary_large_image\" \/>\n<script type=\"application\/ld+json\" class=\"yoast-schema-graph\">{\"@context\":\"https:\/\/schema.org\",\"@graph\":[{\"@type\":\"WebPage\",\"@id\":\"https:\/\/clubs.misterugby.com\/rcacp\/produit\/sweat-capuche-homme-noir-jaune-modele-contrast\/\",\"url\":\"https:\/\/clubs.misterugby.com\/rcacp\/produit\/sweat-capuche-homme-noir-jaune-modele-contrast\/\",\"name\":\"Sweat capuche Homme Noir Jaune - mod\u00e8le CONTRAST - rcacp\",\"isPartOf\":{\"@id\":\"https:\/\/clubs.misterugby.com\/rcacp\/#website\"},\"primaryImageOfPage\":{\"@id\":\"https:\/\/clubs.misterugby.com\/rcacp\/produit\/sweat-capuche-homme-noir-jaune-modele-contrast\/#primaryimage\"},\"image\":{\"@id\":\"https:\/\/clubs.misterugby.com\/rcacp\/produit\/sweat-capuche-homme-noir-jaune-modele-contrast\/#primaryimage\"},\"thumbnailUrl\":\"https:\/\/clubs.misterugby.com\/rcacp\/wp-content\/uploads\/sites\/54\/2022\/08\/bic-cergy.jpg\",\"datePublished\":\"2022-08-09T19:48:17+00:00\",\"dateModified\":\"2024-06-28T15:48:39+00:00\",\"breadcrumb\":{\"@id\":\"https:\/\/clubs.misterugby.com\/rcacp\/produit\/sweat-capuche-homme-noir-jaune-modele-contrast\/#breadcrumb\"},\"inLanguage\":\"fr-FR\",\"potentialAction\":[{\"@type\":\"ReadAction\",\"target\":[\"https:\/\/clubs.misterugby.com\/rcacp\/produit\/sweat-capuche-homme-noir-jaune-modele-contrast\/\"]}]},{\"@type\":\"ImageObject\",\"inLanguage\":\"fr-FR\",\"@id\":\"https:\/\/clubs.misterugby.com\/rcacp\/produit\/sweat-capuche-homme-noir-jaune-modele-contrast\/#primaryimage\",\"url\":\"https:\/\/clubs.misterugby.com\/rcacp\/wp-content\/uploads\/sites\/54\/2022\/08\/bic-cergy.jpg\",\"contentUrl\":\"https:\/\/clubs.misterugby.com\/rcacp\/wp-content\/uploads\/sites\/54\/2022\/08\/bic-cergy.jpg\",\"width\":1000,\"height\":1000},{\"@type\":\"BreadcrumbList\",\"@id\":\"https:\/\/clubs.misterugby.com\/rcacp\/produit\/sweat-capuche-homme-noir-jaune-modele-contrast\/#breadcrumb\",\"itemListElement\":[{\"@type\":\"ListItem\",\"position\":1,\"name\":\"Accueil\",\"item\":\"https:\/\/clubs.misterugby.com\/rcacp\/\"},{\"@type\":\"ListItem\",\"position\":2,\"name\":\"Boutique\",\"item\":\"https:\/\/clubs.misterugby.com\/rcacp\/\"},{\"@type\":\"ListItem\",\"position\":3,\"name\":\"Sweat capuche Homme Noir Jaune &#8211; mod\u00e8le CONTRAST\"}]},{\"@type\":\"WebSite\",\"@id\":\"https:\/\/clubs.misterugby.com\/rcacp\/#website\",\"url\":\"https:\/\/clubs.misterugby.com\/rcacp\/\",\"name\":\"rcacp\",\"description\":\"\",\"publisher\":{\"@id\":\"https:\/\/clubs.misterugby.com\/rcacp\/#organization\"},\"potentialAction\":[{\"@type\":\"SearchAction\",\"target\":{\"@type\":\"EntryPoint\",\"urlTemplate\":\"https:\/\/clubs.misterugby.com\/rcacp\/?s={search_term_string}\"},\"query-input\":{\"@type\":\"PropertyValueSpecification\",\"valueRequired\":true,\"valueName\":\"search_term_string\"}}],\"inLanguage\":\"fr-FR\"},{\"@type\":\"Organization\",\"@id\":\"https:\/\/clubs.misterugby.com\/rcacp\/#organization\",\"name\":\"rcacp\",\"url\":\"https:\/\/clubs.misterugby.com\/rcacp\/\",\"logo\":{\"@type\":\"ImageObject\",\"inLanguage\":\"fr-FR\",\"@id\":\"https:\/\/clubs.misterugby.com\/rcacp\/#\/schema\/logo\/image\/\",\"url\":\"https:\/\/clubs.misterugby.com\/rcacp\/wp-content\/uploads\/sites\/54\/2020\/09\/cropped-logo-CERGY-2019.png\",\"contentUrl\":\"https:\/\/clubs.misterugby.com\/rcacp\/wp-content\/uploads\/sites\/54\/2020\/09\/cropped-logo-CERGY-2019.png\",\"width\":2875,\"height\":2263,\"caption\":\"rcacp\"},\"image\":{\"@id\":\"https:\/\/clubs.misterugby.com\/rcacp\/#\/schema\/logo\/image\/\"}}]}<\/script>\n<!-- \/ Yoast SEO plugin. -->","yoast_head_json":{"title":"Sweat capuche Homme Noir Jaune - mod\u00e8le CONTRAST - rcacp","robots":{"index":"noindex","follow":"follow","max-snippet":"max-snippet:-1","max-image-preview":"max-image-preview:large","max-video-preview":"max-video-preview:-1"},"og_locale":"fr_FR","og_type":"article","og_title":"Sweat capuche Homme Noir Jaune - mod\u00e8le CONTRAST - rcacp","og_description":"Molleton gratt\u00e9 280 gr, 80% coton, 20% polyester  Capuche doubl\u00e9e avec cordon de serrage ton sur ton. Poches Kangourou.  logo club en broderie","og_url":"https:\/\/clubs.misterugby.com\/rcacp\/produit\/sweat-capuche-homme-noir-jaune-modele-contrast\/","og_site_name":"rcacp","article_modified_time":"2024-06-28T15:48:39+00:00","og_image":[{"width":1000,"height":1000,"url":"http:\/\/clubs.misterugby.com\/rcacp\/wp-content\/uploads\/sites\/54\/2022\/08\/bic-cergy.jpg","type":"image\/jpeg"}],"twitter_card":"summary_large_image","schema":{"@context":"https:\/\/schema.org","@graph":[{"@type":"WebPage","@id":"https:\/\/clubs.misterugby.com\/rcacp\/produit\/sweat-capuche-homme-noir-jaune-modele-contrast\/","url":"https:\/\/clubs.misterugby.com\/rcacp\/produit\/sweat-capuche-homme-noir-jaune-modele-contrast\/","name":"Sweat capuche Homme Noir Jaune - mod\u00e8le CONTRAST - rcacp","isPartOf":{"@id":"https:\/\/clubs.misterugby.com\/rcacp\/#website"},"primaryImageOfPage":{"@id":"https:\/\/clubs.misterugby.com\/rcacp\/produit\/sweat-capuche-homme-noir-jaune-modele-contrast\/#primaryimage"},"image":{"@id":"https:\/\/clubs.misterugby.com\/rcacp\/produit\/sweat-capuche-homme-noir-jaune-modele-contrast\/#primaryimage"},"thumbnailUrl":"https:\/\/clubs.misterugby.com\/rcacp\/wp-content\/uploads\/sites\/54\/2022\/08\/bic-cergy.jpg","datePublished":"2022-08-09T19:48:17+00:00","dateModified":"2024-06-28T15:48:39+00:00","breadcrumb":{"@id":"https:\/\/clubs.misterugby.com\/rcacp\/produit\/sweat-capuche-homme-noir-jaune-modele-contrast\/#breadcrumb"},"inLanguage":"fr-FR","potentialAction":[{"@type":"ReadAction","target":["https:\/\/clubs.misterugby.com\/rcacp\/produit\/sweat-capuche-homme-noir-jaune-modele-contrast\/"]}]},{"@type":"ImageObject","inLanguage":"fr-FR","@id":"https:\/\/clubs.misterugby.com\/rcacp\/produit\/sweat-capuche-homme-noir-jaune-modele-contrast\/#primaryimage","url":"https:\/\/clubs.misterugby.com\/rcacp\/wp-content\/uploads\/sites\/54\/2022\/08\/bic-cergy.jpg","contentUrl":"https:\/\/clubs.misterugby.com\/rcacp\/wp-content\/uploads\/sites\/54\/2022\/08\/bic-cergy.jpg","width":1000,"height":1000},{"@type":"BreadcrumbList","@id":"https:\/\/clubs.misterugby.com\/rcacp\/produit\/sweat-capuche-homme-noir-jaune-modele-contrast\/#breadcrumb","itemListElement":[{"@type":"ListItem","position":1,"name":"Accueil","item":"https:\/\/clubs.misterugby.com\/rcacp\/"},{"@type":"ListItem","position":2,"name":"Boutique","item":"https:\/\/clubs.misterugby.com\/rcacp\/"},{"@type":"ListItem","position":3,"name":"Sweat capuche Homme Noir Jaune &#8211; mod\u00e8le CONTRAST"}]},{"@type":"WebSite","@id":"https:\/\/clubs.misterugby.com\/rcacp\/#website","url":"https:\/\/clubs.misterugby.com\/rcacp\/","name":"rcacp","description":"","publisher":{"@id":"https:\/\/clubs.misterugby.com\/rcacp\/#organization"},"potentialAction":[{"@type":"SearchAction","target":{"@type":"EntryPoint","urlTemplate":"https:\/\/clubs.misterugby.com\/rcacp\/?s={search_term_string}"},"query-input":{"@type":"PropertyValueSpecification","valueRequired":true,"valueName":"search_term_string"}}],"inLanguage":"fr-FR"},{"@type":"Organization","@id":"https:\/\/clubs.misterugby.com\/rcacp\/#organization","name":"rcacp","url":"https:\/\/clubs.misterugby.com\/rcacp\/","logo":{"@type":"ImageObject","inLanguage":"fr-FR","@id":"https:\/\/clubs.misterugby.com\/rcacp\/#\/schema\/logo\/image\/","url":"https:\/\/clubs.misterugby.com\/rcacp\/wp-content\/uploads\/sites\/54\/2020\/09\/cropped-logo-CERGY-2019.png","contentUrl":"https:\/\/clubs.misterugby.com\/rcacp\/wp-content\/uploads\/sites\/54\/2020\/09\/cropped-logo-CERGY-2019.png","width":2875,"height":2263,"caption":"rcacp"},"image":{"@id":"https:\/\/clubs.misterugby.com\/rcacp\/#\/schema\/logo\/image\/"}}]}},"_links":{"self":[{"href":"https:\/\/clubs.misterugby.com\/rcacp\/wp-json\/wp\/v2\/product\/4969","targetHints":{"allow":["GET"]}}],"collection":[{"href":"https:\/\/clubs.misterugby.com\/rcacp\/wp-json\/wp\/v2\/product"}],"about":[{"href":"https:\/\/clubs.misterugby.com\/rcacp\/wp-json\/wp\/v2\/types\/product"}],"wp:featuredmedia":[{"embeddable":true,"href":"https:\/\/clubs.misterugby.com\/rcacp\/wp-json\/wp\/v2\/media\/4993"}],"wp:attachment":[{"href":"https:\/\/clubs.misterugby.com\/rcacp\/wp-json\/wp\/v2\/media?parent=4969"}],"wp:term":[{"taxonomy":"product_brand","embeddable":true,"href":"https:\/\/clubs.misterugby.com\/rcacp\/wp-json\/wp\/v2\/product_brand?post=4969"},{"taxonomy":"product_cat","embeddable":true,"href":"https:\/\/clubs.misterugby.com\/rcacp\/wp-json\/wp\/v2\/product_cat?post=4969"},{"taxonomy":"product_tag","embeddable":true,"href":"https:\/\/clubs.misterugby.com\/rcacp\/wp-json\/wp\/v2\/product_tag?post=4969"}],"curies":[{"name":"wp","href":"https:\/\/api.w.org\/{rel}","templated":true}]}}