{"id":13477,"date":"2026-03-19T17:02:17","date_gmt":"2026-03-19T16:02:17","guid":{"rendered":"https:\/\/clubs.misterugby.com\/sen-fout-le-score\/?post_type=product&#038;p=13477"},"modified":"2026-03-19T17:12:24","modified_gmt":"2026-03-19T16:12:24","slug":"sac-a-dos-modele-baobabs","status":"publish","type":"product","link":"https:\/\/clubs.misterugby.com\/sen-fout-le-score\/produit\/sac-a-dos-modele-baobabs\/","title":{"rendered":"sac \u00e0 dos \u2013 mod\u00e8le BAOBABS"},"content":{"rendered":"","protected":false},"excerpt":{"rendered":"<ul>\n<li>Petit Sac \u00e0 dos sport en polyester 600D<\/li>\n<li>Fermeture \u00e0 glissi\u00e8re dans la poche principale et frontale<\/li>\n<li>Cordon \u00e9lastique sur le devant et poches lat\u00e9rales en maille filet.<\/li>\n<li>\u00a0Bretelles et dos rembourr\u00e9s<\/li>\n<li>Taille unique : 18 litres<\/li>\n<li>logo club en transfert<\/li>\n<\/ul>\n","protected":false},"featured_media":13459,"template":"","meta":[],"product_brand":[],"product_cat":[151],"product_tag":[],"class_list":{"0":"post-13477","1":"product","2":"type-product","3":"status-publish","4":"has-post-thumbnail","6":"product_cat-baobabs","8":"first","9":"instock","10":"taxable","11":"shipping-taxable","12":"purchasable","13":"product-type-simple"},"yoast_head":"<!-- This site is optimized with the Yoast SEO plugin v26.9 - https:\/\/yoast.com\/product\/yoast-seo-wordpress\/ -->\n<title>sac \u00e0 dos \u2013 mod\u00e8le BAOBABS - sen-fout-le-score<\/title>\n<meta name=\"robots\" content=\"noindex, follow, max-snippet:-1, max-image-preview:large, max-video-preview:-1\" \/>\n<meta property=\"og:locale\" content=\"fr_FR\" \/>\n<meta property=\"og:type\" content=\"article\" \/>\n<meta property=\"og:title\" content=\"sac \u00e0 dos \u2013 mod\u00e8le BAOBABS - sen-fout-le-score\" \/>\n<meta property=\"og:description\" content=\"Petit Sac \u00e0 dos sport en polyester 600D  Fermeture \u00e0 glissi\u00e8re dans la poche principale et frontale  Cordon \u00e9lastique sur le devant et poches lat\u00e9rales en maille filet.  \u00a0Bretelles et dos rembourr\u00e9s  Taille unique : 18 litres  logo club en transfert\" \/>\n<meta property=\"og:url\" content=\"https:\/\/clubs.misterugby.com\/sen-fout-le-score\/produit\/sac-a-dos-modele-baobabs\/\" \/>\n<meta property=\"og:site_name\" content=\"sen-fout-le-score\" \/>\n<meta property=\"article:modified_time\" content=\"2026-03-19T16:12:24+00:00\" \/>\n<meta property=\"og:image\" content=\"http:\/\/clubs.misterugby.com\/sen-fout-le-score\/wp-content\/uploads\/sites\/74\/2022\/01\/MISU.jpg\" \/>\n\t<meta property=\"og:image:width\" content=\"1000\" \/>\n\t<meta property=\"og:image:height\" content=\"1000\" \/>\n\t<meta property=\"og:image:type\" content=\"image\/jpeg\" \/>\n<meta name=\"twitter:card\" content=\"summary_large_image\" \/>\n<meta name=\"twitter:label1\" content=\"Dur\u00e9e de lecture estim\u00e9e\" \/>\n\t<meta name=\"twitter:data1\" content=\"1 minute\" \/>\n<script type=\"application\/ld+json\" class=\"yoast-schema-graph\">{\"@context\":\"https:\/\/schema.org\",\"@graph\":[{\"@type\":\"WebPage\",\"@id\":\"https:\/\/clubs.misterugby.com\/sen-fout-le-score\/produit\/sac-a-dos-modele-baobabs\/\",\"url\":\"https:\/\/clubs.misterugby.com\/sen-fout-le-score\/produit\/sac-a-dos-modele-baobabs\/\",\"name\":\"sac \u00e0 dos \u2013 mod\u00e8le BAOBABS - sen-fout-le-score\",\"isPartOf\":{\"@id\":\"https:\/\/clubs.misterugby.com\/sen-fout-le-score\/#website\"},\"primaryImageOfPage\":{\"@id\":\"https:\/\/clubs.misterugby.com\/sen-fout-le-score\/produit\/sac-a-dos-modele-baobabs\/#primaryimage\"},\"image\":{\"@id\":\"https:\/\/clubs.misterugby.com\/sen-fout-le-score\/produit\/sac-a-dos-modele-baobabs\/#primaryimage\"},\"thumbnailUrl\":\"https:\/\/clubs.misterugby.com\/sen-fout-le-score\/wp-content\/uploads\/sites\/74\/2022\/01\/MISU.jpg\",\"datePublished\":\"2026-03-19T16:02:17+00:00\",\"dateModified\":\"2026-03-19T16:12:24+00:00\",\"breadcrumb\":{\"@id\":\"https:\/\/clubs.misterugby.com\/sen-fout-le-score\/produit\/sac-a-dos-modele-baobabs\/#breadcrumb\"},\"inLanguage\":\"fr-FR\",\"potentialAction\":[{\"@type\":\"ReadAction\",\"target\":[\"https:\/\/clubs.misterugby.com\/sen-fout-le-score\/produit\/sac-a-dos-modele-baobabs\/\"]}]},{\"@type\":\"ImageObject\",\"inLanguage\":\"fr-FR\",\"@id\":\"https:\/\/clubs.misterugby.com\/sen-fout-le-score\/produit\/sac-a-dos-modele-baobabs\/#primaryimage\",\"url\":\"https:\/\/clubs.misterugby.com\/sen-fout-le-score\/wp-content\/uploads\/sites\/74\/2022\/01\/MISU.jpg\",\"contentUrl\":\"https:\/\/clubs.misterugby.com\/sen-fout-le-score\/wp-content\/uploads\/sites\/74\/2022\/01\/MISU.jpg\",\"width\":1000,\"height\":1000},{\"@type\":\"BreadcrumbList\",\"@id\":\"https:\/\/clubs.misterugby.com\/sen-fout-le-score\/produit\/sac-a-dos-modele-baobabs\/#breadcrumb\",\"itemListElement\":[{\"@type\":\"ListItem\",\"position\":1,\"name\":\"Accueil\",\"item\":\"https:\/\/clubs.misterugby.com\/sen-fout-le-score\/\"},{\"@type\":\"ListItem\",\"position\":2,\"name\":\"Boutique\",\"item\":\"https:\/\/clubs.misterugby.com\/sen-fout-le-score\/\"},{\"@type\":\"ListItem\",\"position\":3,\"name\":\"sac \u00e0 dos \u2013 mod\u00e8le BAOBABS\"}]},{\"@type\":\"WebSite\",\"@id\":\"https:\/\/clubs.misterugby.com\/sen-fout-le-score\/#website\",\"url\":\"https:\/\/clubs.misterugby.com\/sen-fout-le-score\/\",\"name\":\"sen-fout-le-score\",\"description\":\"\",\"publisher\":{\"@id\":\"https:\/\/clubs.misterugby.com\/sen-fout-le-score\/#organization\"},\"potentialAction\":[{\"@type\":\"SearchAction\",\"target\":{\"@type\":\"EntryPoint\",\"urlTemplate\":\"https:\/\/clubs.misterugby.com\/sen-fout-le-score\/?s={search_term_string}\"},\"query-input\":{\"@type\":\"PropertyValueSpecification\",\"valueRequired\":true,\"valueName\":\"search_term_string\"}}],\"inLanguage\":\"fr-FR\"},{\"@type\":\"Organization\",\"@id\":\"https:\/\/clubs.misterugby.com\/sen-fout-le-score\/#organization\",\"name\":\"sen-fout-le-score\",\"url\":\"https:\/\/clubs.misterugby.com\/sen-fout-le-score\/\",\"logo\":{\"@type\":\"ImageObject\",\"inLanguage\":\"fr-FR\",\"@id\":\"https:\/\/clubs.misterugby.com\/sen-fout-le-score\/#\/schema\/logo\/image\/\",\"url\":\"https:\/\/clubs.misterugby.com\/sen-fout-le-score\/wp-content\/uploads\/sites\/74\/2025\/03\/cropped-Rugby-Club-Dakar-Logo-Modifie.png\",\"contentUrl\":\"https:\/\/clubs.misterugby.com\/sen-fout-le-score\/wp-content\/uploads\/sites\/74\/2025\/03\/cropped-Rugby-Club-Dakar-Logo-Modifie.png\",\"width\":1199,\"height\":1180,\"caption\":\"sen-fout-le-score\"},\"image\":{\"@id\":\"https:\/\/clubs.misterugby.com\/sen-fout-le-score\/#\/schema\/logo\/image\/\"}}]}<\/script>\n<!-- \/ Yoast SEO plugin. -->","yoast_head_json":{"title":"sac \u00e0 dos \u2013 mod\u00e8le BAOBABS - sen-fout-le-score","robots":{"index":"noindex","follow":"follow","max-snippet":"max-snippet:-1","max-image-preview":"max-image-preview:large","max-video-preview":"max-video-preview:-1"},"og_locale":"fr_FR","og_type":"article","og_title":"sac \u00e0 dos \u2013 mod\u00e8le BAOBABS - sen-fout-le-score","og_description":"Petit Sac \u00e0 dos sport en polyester 600D  Fermeture \u00e0 glissi\u00e8re dans la poche principale et frontale  Cordon \u00e9lastique sur le devant et poches lat\u00e9rales en maille filet.  \u00a0Bretelles et dos rembourr\u00e9s  Taille unique : 18 litres  logo club en transfert","og_url":"https:\/\/clubs.misterugby.com\/sen-fout-le-score\/produit\/sac-a-dos-modele-baobabs\/","og_site_name":"sen-fout-le-score","article_modified_time":"2026-03-19T16:12:24+00:00","og_image":[{"width":1000,"height":1000,"url":"http:\/\/clubs.misterugby.com\/sen-fout-le-score\/wp-content\/uploads\/sites\/74\/2022\/01\/MISU.jpg","type":"image\/jpeg"}],"twitter_card":"summary_large_image","twitter_misc":{"Dur\u00e9e de lecture estim\u00e9e":"1 minute"},"schema":{"@context":"https:\/\/schema.org","@graph":[{"@type":"WebPage","@id":"https:\/\/clubs.misterugby.com\/sen-fout-le-score\/produit\/sac-a-dos-modele-baobabs\/","url":"https:\/\/clubs.misterugby.com\/sen-fout-le-score\/produit\/sac-a-dos-modele-baobabs\/","name":"sac \u00e0 dos \u2013 mod\u00e8le BAOBABS - sen-fout-le-score","isPartOf":{"@id":"https:\/\/clubs.misterugby.com\/sen-fout-le-score\/#website"},"primaryImageOfPage":{"@id":"https:\/\/clubs.misterugby.com\/sen-fout-le-score\/produit\/sac-a-dos-modele-baobabs\/#primaryimage"},"image":{"@id":"https:\/\/clubs.misterugby.com\/sen-fout-le-score\/produit\/sac-a-dos-modele-baobabs\/#primaryimage"},"thumbnailUrl":"https:\/\/clubs.misterugby.com\/sen-fout-le-score\/wp-content\/uploads\/sites\/74\/2022\/01\/MISU.jpg","datePublished":"2026-03-19T16:02:17+00:00","dateModified":"2026-03-19T16:12:24+00:00","breadcrumb":{"@id":"https:\/\/clubs.misterugby.com\/sen-fout-le-score\/produit\/sac-a-dos-modele-baobabs\/#breadcrumb"},"inLanguage":"fr-FR","potentialAction":[{"@type":"ReadAction","target":["https:\/\/clubs.misterugby.com\/sen-fout-le-score\/produit\/sac-a-dos-modele-baobabs\/"]}]},{"@type":"ImageObject","inLanguage":"fr-FR","@id":"https:\/\/clubs.misterugby.com\/sen-fout-le-score\/produit\/sac-a-dos-modele-baobabs\/#primaryimage","url":"https:\/\/clubs.misterugby.com\/sen-fout-le-score\/wp-content\/uploads\/sites\/74\/2022\/01\/MISU.jpg","contentUrl":"https:\/\/clubs.misterugby.com\/sen-fout-le-score\/wp-content\/uploads\/sites\/74\/2022\/01\/MISU.jpg","width":1000,"height":1000},{"@type":"BreadcrumbList","@id":"https:\/\/clubs.misterugby.com\/sen-fout-le-score\/produit\/sac-a-dos-modele-baobabs\/#breadcrumb","itemListElement":[{"@type":"ListItem","position":1,"name":"Accueil","item":"https:\/\/clubs.misterugby.com\/sen-fout-le-score\/"},{"@type":"ListItem","position":2,"name":"Boutique","item":"https:\/\/clubs.misterugby.com\/sen-fout-le-score\/"},{"@type":"ListItem","position":3,"name":"sac \u00e0 dos \u2013 mod\u00e8le BAOBABS"}]},{"@type":"WebSite","@id":"https:\/\/clubs.misterugby.com\/sen-fout-le-score\/#website","url":"https:\/\/clubs.misterugby.com\/sen-fout-le-score\/","name":"sen-fout-le-score","description":"","publisher":{"@id":"https:\/\/clubs.misterugby.com\/sen-fout-le-score\/#organization"},"potentialAction":[{"@type":"SearchAction","target":{"@type":"EntryPoint","urlTemplate":"https:\/\/clubs.misterugby.com\/sen-fout-le-score\/?s={search_term_string}"},"query-input":{"@type":"PropertyValueSpecification","valueRequired":true,"valueName":"search_term_string"}}],"inLanguage":"fr-FR"},{"@type":"Organization","@id":"https:\/\/clubs.misterugby.com\/sen-fout-le-score\/#organization","name":"sen-fout-le-score","url":"https:\/\/clubs.misterugby.com\/sen-fout-le-score\/","logo":{"@type":"ImageObject","inLanguage":"fr-FR","@id":"https:\/\/clubs.misterugby.com\/sen-fout-le-score\/#\/schema\/logo\/image\/","url":"https:\/\/clubs.misterugby.com\/sen-fout-le-score\/wp-content\/uploads\/sites\/74\/2025\/03\/cropped-Rugby-Club-Dakar-Logo-Modifie.png","contentUrl":"https:\/\/clubs.misterugby.com\/sen-fout-le-score\/wp-content\/uploads\/sites\/74\/2025\/03\/cropped-Rugby-Club-Dakar-Logo-Modifie.png","width":1199,"height":1180,"caption":"sen-fout-le-score"},"image":{"@id":"https:\/\/clubs.misterugby.com\/sen-fout-le-score\/#\/schema\/logo\/image\/"}}]}},"_links":{"self":[{"href":"https:\/\/clubs.misterugby.com\/sen-fout-le-score\/wp-json\/wp\/v2\/product\/13477","targetHints":{"allow":["GET"]}}],"collection":[{"href":"https:\/\/clubs.misterugby.com\/sen-fout-le-score\/wp-json\/wp\/v2\/product"}],"about":[{"href":"https:\/\/clubs.misterugby.com\/sen-fout-le-score\/wp-json\/wp\/v2\/types\/product"}],"wp:featuredmedia":[{"embeddable":true,"href":"https:\/\/clubs.misterugby.com\/sen-fout-le-score\/wp-json\/wp\/v2\/media\/13459"}],"wp:attachment":[{"href":"https:\/\/clubs.misterugby.com\/sen-fout-le-score\/wp-json\/wp\/v2\/media?parent=13477"}],"wp:term":[{"taxonomy":"product_brand","embeddable":true,"href":"https:\/\/clubs.misterugby.com\/sen-fout-le-score\/wp-json\/wp\/v2\/product_brand?post=13477"},{"taxonomy":"product_cat","embeddable":true,"href":"https:\/\/clubs.misterugby.com\/sen-fout-le-score\/wp-json\/wp\/v2\/product_cat?post=13477"},{"taxonomy":"product_tag","embeddable":true,"href":"https:\/\/clubs.misterugby.com\/sen-fout-le-score\/wp-json\/wp\/v2\/product_tag?post=13477"}],"curies":[{"name":"wp","href":"https:\/\/api.w.org\/{rel}","templated":true}]}}