{"id":4452,"date":"2022-01-19T06:43:17","date_gmt":"2022-01-19T05:43:17","guid":{"rendered":"https:\/\/clubs.misterugby.com\/urc78\/produit\/sac-de-sport-kappa-noir-modele-brenno-m\/"},"modified":"2026-03-30T12:45:21","modified_gmt":"2026-03-30T10:45:21","slug":"sac-de-sport-kappa-noir-modele-brenno-m","status":"publish","type":"product","link":"https:\/\/clubs.misterugby.com\/urc78\/produit\/sac-de-sport-kappa-noir-modele-brenno-m\/","title":{"rendered":"Sac de Sport Kappa Noir \u2013 mod\u00e8le GRENNO L"},"content":{"rendered":"","protected":false},"excerpt":{"rendered":"<ul>\n<li>100 % polyester 600D<\/li>\n<li>poche principale zipp\u00e9e<\/li>\n<li>poche lat\u00e9rale pour chaussures<\/li>\n<li>bandouli\u00e8re rembourr\u00e9e<\/li>\n<li>capacit\u00e9 55 Litres<\/li>\n<li>61*31*29 cm<\/li>\n<li>coloris noir<\/li>\n<li>logo club brod\u00e9<\/li>\n<\/ul>\n","protected":false},"featured_media":5499,"template":"","meta":[],"product_brand":[],"product_cat":[42],"product_tag":[],"class_list":{"0":"post-4452","1":"product","2":"type-product","3":"status-publish","4":"has-post-thumbnail","6":"product_cat-accessoires","8":"first","9":"instock","10":"taxable","11":"shipping-taxable","12":"purchasable","13":"product-type-simple"},"yoast_head":"<!-- This site is optimized with the Yoast SEO plugin v26.9 - https:\/\/yoast.com\/product\/yoast-seo-wordpress\/ -->\n<title>Sac de Sport Kappa Noir \u2013 mod\u00e8le GRENNO L - urc78<\/title>\n<meta name=\"robots\" content=\"noindex, follow, max-snippet:-1, max-image-preview:large, max-video-preview:-1\" \/>\n<meta property=\"og:locale\" content=\"fr_FR\" \/>\n<meta property=\"og:type\" content=\"article\" \/>\n<meta property=\"og:title\" content=\"Sac de Sport Kappa Noir \u2013 mod\u00e8le GRENNO L - urc78\" \/>\n<meta property=\"og:description\" content=\"100 % polyester 600D  poche principale zipp\u00e9e  poche lat\u00e9rale pour chaussures  bandouli\u00e8re rembourr\u00e9e  capacit\u00e9 55 Litres  61*31*29 cm  coloris noir  logo club brod\u00e9\" \/>\n<meta property=\"og:url\" content=\"https:\/\/clubs.misterugby.com\/urc78\/produit\/sac-de-sport-kappa-noir-modele-brenno-m\/\" \/>\n<meta property=\"og:site_name\" content=\"urc78\" \/>\n<meta property=\"article:modified_time\" content=\"2026-03-30T10:45:21+00:00\" \/>\n<meta property=\"og:image\" content=\"http:\/\/clubs.misterugby.com\/urc78\/wp-content\/uploads\/sites\/35\/2024\/08\/ux.jpg\" \/>\n\t<meta property=\"og:image:width\" content=\"1000\" \/>\n\t<meta property=\"og:image:height\" content=\"1000\" \/>\n\t<meta property=\"og:image:type\" content=\"image\/jpeg\" \/>\n<meta name=\"twitter:card\" content=\"summary_large_image\" \/>\n<meta name=\"twitter:label1\" content=\"Dur\u00e9e de lecture estim\u00e9e\" \/>\n\t<meta name=\"twitter:data1\" content=\"1 minute\" \/>\n<script type=\"application\/ld+json\" class=\"yoast-schema-graph\">{\"@context\":\"https:\/\/schema.org\",\"@graph\":[{\"@type\":\"WebPage\",\"@id\":\"https:\/\/clubs.misterugby.com\/urc78\/produit\/sac-de-sport-kappa-noir-modele-brenno-m\/\",\"url\":\"https:\/\/clubs.misterugby.com\/urc78\/produit\/sac-de-sport-kappa-noir-modele-brenno-m\/\",\"name\":\"Sac de Sport Kappa Noir \u2013 mod\u00e8le GRENNO L - urc78\",\"isPartOf\":{\"@id\":\"https:\/\/clubs.misterugby.com\/urc78\/#website\"},\"primaryImageOfPage\":{\"@id\":\"https:\/\/clubs.misterugby.com\/urc78\/produit\/sac-de-sport-kappa-noir-modele-brenno-m\/#primaryimage\"},\"image\":{\"@id\":\"https:\/\/clubs.misterugby.com\/urc78\/produit\/sac-de-sport-kappa-noir-modele-brenno-m\/#primaryimage\"},\"thumbnailUrl\":\"https:\/\/clubs.misterugby.com\/urc78\/wp-content\/uploads\/sites\/35\/2024\/08\/ux.jpg\",\"datePublished\":\"2022-01-19T05:43:17+00:00\",\"dateModified\":\"2026-03-30T10:45:21+00:00\",\"breadcrumb\":{\"@id\":\"https:\/\/clubs.misterugby.com\/urc78\/produit\/sac-de-sport-kappa-noir-modele-brenno-m\/#breadcrumb\"},\"inLanguage\":\"fr-FR\",\"potentialAction\":[{\"@type\":\"ReadAction\",\"target\":[\"https:\/\/clubs.misterugby.com\/urc78\/produit\/sac-de-sport-kappa-noir-modele-brenno-m\/\"]}]},{\"@type\":\"ImageObject\",\"inLanguage\":\"fr-FR\",\"@id\":\"https:\/\/clubs.misterugby.com\/urc78\/produit\/sac-de-sport-kappa-noir-modele-brenno-m\/#primaryimage\",\"url\":\"https:\/\/clubs.misterugby.com\/urc78\/wp-content\/uploads\/sites\/35\/2024\/08\/ux.jpg\",\"contentUrl\":\"https:\/\/clubs.misterugby.com\/urc78\/wp-content\/uploads\/sites\/35\/2024\/08\/ux.jpg\",\"width\":1000,\"height\":1000},{\"@type\":\"BreadcrumbList\",\"@id\":\"https:\/\/clubs.misterugby.com\/urc78\/produit\/sac-de-sport-kappa-noir-modele-brenno-m\/#breadcrumb\",\"itemListElement\":[{\"@type\":\"ListItem\",\"position\":1,\"name\":\"Accueil\",\"item\":\"https:\/\/clubs.misterugby.com\/urc78\/\"},{\"@type\":\"ListItem\",\"position\":2,\"name\":\"Boutique\",\"item\":\"https:\/\/clubs.misterugby.com\/urc78\/\"},{\"@type\":\"ListItem\",\"position\":3,\"name\":\"Sac de Sport Kappa Noir \u2013 mod\u00e8le GRENNO L\"}]},{\"@type\":\"WebSite\",\"@id\":\"https:\/\/clubs.misterugby.com\/urc78\/#website\",\"url\":\"https:\/\/clubs.misterugby.com\/urc78\/\",\"name\":\"urc78\",\"description\":\"\",\"publisher\":{\"@id\":\"https:\/\/clubs.misterugby.com\/urc78\/#organization\"},\"potentialAction\":[{\"@type\":\"SearchAction\",\"target\":{\"@type\":\"EntryPoint\",\"urlTemplate\":\"https:\/\/clubs.misterugby.com\/urc78\/?s={search_term_string}\"},\"query-input\":{\"@type\":\"PropertyValueSpecification\",\"valueRequired\":true,\"valueName\":\"search_term_string\"}}],\"inLanguage\":\"fr-FR\"},{\"@type\":\"Organization\",\"@id\":\"https:\/\/clubs.misterugby.com\/urc78\/#organization\",\"name\":\"urc78\",\"url\":\"https:\/\/clubs.misterugby.com\/urc78\/\",\"logo\":{\"@type\":\"ImageObject\",\"inLanguage\":\"fr-FR\",\"@id\":\"https:\/\/clubs.misterugby.com\/urc78\/#\/schema\/logo\/image\/\",\"url\":\"https:\/\/clubs.misterugby.com\/urc78\/wp-content\/uploads\/sites\/35\/2022\/01\/LOOG.png\",\"contentUrl\":\"https:\/\/clubs.misterugby.com\/urc78\/wp-content\/uploads\/sites\/35\/2022\/01\/LOOG.png\",\"width\":1000,\"height\":1000,\"caption\":\"urc78\"},\"image\":{\"@id\":\"https:\/\/clubs.misterugby.com\/urc78\/#\/schema\/logo\/image\/\"}}]}<\/script>\n<!-- \/ Yoast SEO plugin. -->","yoast_head_json":{"title":"Sac de Sport Kappa Noir \u2013 mod\u00e8le GRENNO L - urc78","robots":{"index":"noindex","follow":"follow","max-snippet":"max-snippet:-1","max-image-preview":"max-image-preview:large","max-video-preview":"max-video-preview:-1"},"og_locale":"fr_FR","og_type":"article","og_title":"Sac de Sport Kappa Noir \u2013 mod\u00e8le GRENNO L - urc78","og_description":"100 % polyester 600D  poche principale zipp\u00e9e  poche lat\u00e9rale pour chaussures  bandouli\u00e8re rembourr\u00e9e  capacit\u00e9 55 Litres  61*31*29 cm  coloris noir  logo club brod\u00e9","og_url":"https:\/\/clubs.misterugby.com\/urc78\/produit\/sac-de-sport-kappa-noir-modele-brenno-m\/","og_site_name":"urc78","article_modified_time":"2026-03-30T10:45:21+00:00","og_image":[{"width":1000,"height":1000,"url":"http:\/\/clubs.misterugby.com\/urc78\/wp-content\/uploads\/sites\/35\/2024\/08\/ux.jpg","type":"image\/jpeg"}],"twitter_card":"summary_large_image","twitter_misc":{"Dur\u00e9e de lecture estim\u00e9e":"1 minute"},"schema":{"@context":"https:\/\/schema.org","@graph":[{"@type":"WebPage","@id":"https:\/\/clubs.misterugby.com\/urc78\/produit\/sac-de-sport-kappa-noir-modele-brenno-m\/","url":"https:\/\/clubs.misterugby.com\/urc78\/produit\/sac-de-sport-kappa-noir-modele-brenno-m\/","name":"Sac de Sport Kappa Noir \u2013 mod\u00e8le GRENNO L - urc78","isPartOf":{"@id":"https:\/\/clubs.misterugby.com\/urc78\/#website"},"primaryImageOfPage":{"@id":"https:\/\/clubs.misterugby.com\/urc78\/produit\/sac-de-sport-kappa-noir-modele-brenno-m\/#primaryimage"},"image":{"@id":"https:\/\/clubs.misterugby.com\/urc78\/produit\/sac-de-sport-kappa-noir-modele-brenno-m\/#primaryimage"},"thumbnailUrl":"https:\/\/clubs.misterugby.com\/urc78\/wp-content\/uploads\/sites\/35\/2024\/08\/ux.jpg","datePublished":"2022-01-19T05:43:17+00:00","dateModified":"2026-03-30T10:45:21+00:00","breadcrumb":{"@id":"https:\/\/clubs.misterugby.com\/urc78\/produit\/sac-de-sport-kappa-noir-modele-brenno-m\/#breadcrumb"},"inLanguage":"fr-FR","potentialAction":[{"@type":"ReadAction","target":["https:\/\/clubs.misterugby.com\/urc78\/produit\/sac-de-sport-kappa-noir-modele-brenno-m\/"]}]},{"@type":"ImageObject","inLanguage":"fr-FR","@id":"https:\/\/clubs.misterugby.com\/urc78\/produit\/sac-de-sport-kappa-noir-modele-brenno-m\/#primaryimage","url":"https:\/\/clubs.misterugby.com\/urc78\/wp-content\/uploads\/sites\/35\/2024\/08\/ux.jpg","contentUrl":"https:\/\/clubs.misterugby.com\/urc78\/wp-content\/uploads\/sites\/35\/2024\/08\/ux.jpg","width":1000,"height":1000},{"@type":"BreadcrumbList","@id":"https:\/\/clubs.misterugby.com\/urc78\/produit\/sac-de-sport-kappa-noir-modele-brenno-m\/#breadcrumb","itemListElement":[{"@type":"ListItem","position":1,"name":"Accueil","item":"https:\/\/clubs.misterugby.com\/urc78\/"},{"@type":"ListItem","position":2,"name":"Boutique","item":"https:\/\/clubs.misterugby.com\/urc78\/"},{"@type":"ListItem","position":3,"name":"Sac de Sport Kappa Noir \u2013 mod\u00e8le GRENNO L"}]},{"@type":"WebSite","@id":"https:\/\/clubs.misterugby.com\/urc78\/#website","url":"https:\/\/clubs.misterugby.com\/urc78\/","name":"urc78","description":"","publisher":{"@id":"https:\/\/clubs.misterugby.com\/urc78\/#organization"},"potentialAction":[{"@type":"SearchAction","target":{"@type":"EntryPoint","urlTemplate":"https:\/\/clubs.misterugby.com\/urc78\/?s={search_term_string}"},"query-input":{"@type":"PropertyValueSpecification","valueRequired":true,"valueName":"search_term_string"}}],"inLanguage":"fr-FR"},{"@type":"Organization","@id":"https:\/\/clubs.misterugby.com\/urc78\/#organization","name":"urc78","url":"https:\/\/clubs.misterugby.com\/urc78\/","logo":{"@type":"ImageObject","inLanguage":"fr-FR","@id":"https:\/\/clubs.misterugby.com\/urc78\/#\/schema\/logo\/image\/","url":"https:\/\/clubs.misterugby.com\/urc78\/wp-content\/uploads\/sites\/35\/2022\/01\/LOOG.png","contentUrl":"https:\/\/clubs.misterugby.com\/urc78\/wp-content\/uploads\/sites\/35\/2022\/01\/LOOG.png","width":1000,"height":1000,"caption":"urc78"},"image":{"@id":"https:\/\/clubs.misterugby.com\/urc78\/#\/schema\/logo\/image\/"}}]}},"_links":{"self":[{"href":"https:\/\/clubs.misterugby.com\/urc78\/wp-json\/wp\/v2\/product\/4452","targetHints":{"allow":["GET"]}}],"collection":[{"href":"https:\/\/clubs.misterugby.com\/urc78\/wp-json\/wp\/v2\/product"}],"about":[{"href":"https:\/\/clubs.misterugby.com\/urc78\/wp-json\/wp\/v2\/types\/product"}],"wp:featuredmedia":[{"embeddable":true,"href":"https:\/\/clubs.misterugby.com\/urc78\/wp-json\/wp\/v2\/media\/5499"}],"wp:attachment":[{"href":"https:\/\/clubs.misterugby.com\/urc78\/wp-json\/wp\/v2\/media?parent=4452"}],"wp:term":[{"taxonomy":"product_brand","embeddable":true,"href":"https:\/\/clubs.misterugby.com\/urc78\/wp-json\/wp\/v2\/product_brand?post=4452"},{"taxonomy":"product_cat","embeddable":true,"href":"https:\/\/clubs.misterugby.com\/urc78\/wp-json\/wp\/v2\/product_cat?post=4452"},{"taxonomy":"product_tag","embeddable":true,"href":"https:\/\/clubs.misterugby.com\/urc78\/wp-json\/wp\/v2\/product_tag?post=4452"}],"curies":[{"name":"wp","href":"https:\/\/api.w.org\/{rel}","templated":true}]}}